d(p)?
2
Let o(v) = v**3 - 9*v**2 + 5*v + 9. Let k be o(8). Let p be 5*((-6)/k + 0). Suppose -p*q + 5*q = 21. What is the units digit of q?
7
What is the tens digit of (2/7 + (-1938)/(-126))*6?
9
Let l(m) = 6*m**2 + 3 - 3 - 1. What is the tens digit of l(2)?
2
Let g(m) = m**2 + 8*m + 4. Let o be g(-8). Let s be -1 + 2 - (-3 - -2). Suppose 0 = -o*k + s + 2. What is the units digit of k?
1
Let h(d) = 4*d + 12. Let y(f) = f + 3. Let v(s) = 4*h(s) - 18*y(s). Let b be v(-4). Suppose -g - b*t = 8, -31 = -3*g + 4*t + t. What is the units digit of g?
2
Suppose 5*j + 4 = -u - 8, 0 = 5*j - u + 8. Let v = -73 + 41. What is the units digit of (1/j)/(2/v)?
8
Let t = -20 - -132. What is the units digit of t?
2
Suppose 0 = -f - f + 10, -2*f = -2*d - 10. Suppose d = -4*n - n + 10. Suppose 2*o - 2*q - 34 = -n*o, 0 = -4*q - 12. What is the units digit of o?
7
Let u(j) = 34*j - 14*j + 2 - 15*j. Suppose 2*k - 4 = -2*t - 0, 5*t = 3*k + 10. What is the units digit of u(t)?
2
Suppose -2*w - 14 = -4. Let r = 7 + w. Suppose 0 = -3*k + r*l + 37, -2*k - 2*l = -l - 27. What is the tens digit of k?
1
Let v(i) = -9*i + 2. Let g be v(-2). Let c = g - 10. What is the units digit of c?
0
Suppose 0 = 3*p - 5*o - 3, -5*p - 5*o = -0 - 5. Let c be -6 + p*-2*-1. Let h = -3 - c. What is the units digit of h?
1
Let a(t) = t**3 - 8*t**2 - 9*t - 12. Let d be a(10). Suppose -h + 35 = 3*y, -y = -4*h + y + d. What is the tens digit of h?
2
Let p be 25/9 + (-4)/(-18). Suppose 4*b = u - 2 + 5, -p*u + 5*b - 9 = 0. What is the units digit of (4/u)/((-2)/3)?
2
Let s(n) = n + 6. Suppose 0 = -q + 2*p, 3*p - 27 = 4*q + 4*p. Let j be s(q). Suppose -4*o = -4*k + 56, j = -5*k - 0*o + 4*o + 72. What is the tens digit of k?
1
Let m be 0 + -2*(6 - 0). Let y be 2/6 - 8/m. Suppose 3*q = 4 - y. What is the units digit of q?
1
Let v(p) = -p**3 - 3*p**2 + p - 5. Let y be v(-4). Suppose t + y = 8. What is the units digit of t + (-3 - -2)/(-1)?
2
Suppose -7*o + 80 = -3*o. What is the units digit of o?
0
Let f = 0 - -3. Suppose 2*t = j - 8 - f, -3*t = -5*j + 27. What is the units digit of j?
3
Let f be 0/2 + 7*3. Let v be (-4)/2 - -14 - 3. What is the units digit of (21/v - 2)*f?
7
Suppose -2*k + 155 = 2*b + 3*b, 20 = -4*b. What is the tens digit of k?
9
What is the tens digit of (1899/36 - -9) + 1/4?
6
Let b = 11 + -7. Suppose b = -3*c + 2*c. Let x = -1 - c. What is the units digit of x?
3
Let v(l) = 0*l**2 + 8 + l**3 - l**2 + 6 + l. What is the units digit of v(0)?
4
Suppose -2*x + 10 + 12 = 0. Suppose 0 = -x*m + 6*m + 135. What is the tens digit of m?
2
Let p(n) = -n**3 - 5*n**2 + 7*n - 15. Let z be p(-7). Let o = z + 9. What is the tens digit of o?
4
Suppose 11 = -4*s + 43. Suppose s + 6 = -3*v - 4*d, 4*d + 20 = -4*v. What is the units digit of 1/(-3) + (-20)/v?
3
Let m(o) = -11*o**3 + 3*o**2 - o + 2. Let r be m(2). What is the units digit of r/(-6) - 1/(-3)?
3
Let l = 2 - 0. Suppose -l*b + 33 = j, -3*b + j + 24 = -2*b. What is the units digit of b?
9
Let u = -1 + 6. What is the units digit of u?
5
Suppose -203 = -6*j - 41. What is the tens digit of j?
2
Let n = -73 + 85. What is the tens digit of n?
1
Suppose 5*i - m = 160, 2*i + 4 = -4*m + 68. What is the units digit of i?
2
Let w(x) = x**2 + 5*x - 5. Let p be w(-5). Let c = 8 + p. Suppose 11 + 10 = c*k. What is the units digit of k?
7
What is the tens digit of 14*(783/(-6))/(-9)?
0
Suppose 45 + 30 = 5*g. Let d = g + 2. What is the tens digit of d?
1
Suppose 0 = h - 2*h + 4*t - 2, 10 = 5*t. Suppose -h*b + 32 = -2*b. What is the units digit of b?
8
Let b = -16 + 16. Suppose b*a - 5*a + 5 = 0. What is the units digit of a?
1
Let p(t) = t**3 + 8*t**2 + 6. Let h be p(-8). Suppose -2*r + h*d = 2*d - 30, 2*d + 4 = 0. Let j = r + -6. What is the units digit of j?
5
Let y(d) = -d + 3. What is the units digit of y(2)?
1
Suppose -95*y = -99*y + 200. What is the units digit of y?
0
Let i(f) = 4*f + 2. Let s be i(-2). What is the units digit of (s/3 - -5) + 18?
1
Suppose 4*c + 55 = -2*o + 5*o, -o + 18 = -c. Let k = o + -11. What is the units digit of k?
6
Let l(a) = -a + 4. Let r be l(9). What is the units digit of r/15 + (-49)/(-3)?
6
Suppose 3*a + a + 44 = 0. Let b = a - -16. Suppose -u = 2*r - 8, 0 = -u + 2*r - b*r + 7. What is the units digit of u?
0
Let f be (-4)/(-6)*(-18)/(-4). Suppose d = f*u + 33 - 9, -168 = -5*d - u. What is the tens digit of d?
3
Let p(k) = -2*k**3 - 4*k**2 - 4*k - 2. Let u be p(-2). Suppose -u - 42 = -2*x. What is the units digit of x?
4
Let d(i) = i**2 + 10. Let q be d(0). What is the units digit of 8*(-2)/(-20)*q?
8
Let m be -2 + 4 + 4*-5. Let v = 4 - m. What is the tens digit of v?
2
Let j(p) = p - 4. Let m be j(5). What is the tens digit of (-7 - -5) + (m - -12)?
1
Suppose -h - 2*b - 20 = 0, -3*b - 45 = h + 2*h. Let p be (1/(-1) - h)*3. Suppose -6 = 3*v - p. What is the units digit of v?
7
Let y = -26 + 11. What is the units digit of 9/(-15) - 144/y?
9
Suppose -5*c = -4*c + 10. What is the units digit of c/35 + 72/7?
0
Let a = 16 + -28. Let f = a - -13. What is the units digit of f?
1
Suppose 1 = 3*u - 8. Suppose 2 = -u*k - 4, 4*o + 2*k - 120 = 0. Suppose -4*z + 33 + o = 0. What is the units digit of z?
6
Suppose -2*h = -v - 9, -5*h + 3*v - 2*v = -18. Suppose 0 = 2*k, -4*z + 5*z = h*k + 7. What is the units digit of z?
7
Suppose 0 = 3*k - m - 75 + 1, -46 = -2*k - m. Suppose 3*t = k - 6. Suppose 0 = t*q - q - 5. What is the units digit of q?
1
Suppose r - 1 = -3*k, 0 = k + r + 2*r + 5. Let x = 8 - k. What is the units digit of x?
7
Suppose -l = 3*l + 24. Let f = -2 - 0. What is the units digit of -1*f/l*-3?
1
Let o(s) = -s - 9. Let d be o(-8). Let c be 0/(-4) + 1 + d. Let t(b) = -b**3 - b**2 + 6. What is the units digit of t(c)?
6
Suppose -3*z = -2*i - 8, z = -i - 5 + 1. Suppose z = -2*l + 3*j + 11, 0 = -l - 5*j + 3*j + 2. What is the units digit of l?
4
Let w(g) = -g + 7. Let s be w(5). Let x(z) = -5*z + 3*z + 3 + 5*z - 4. What is the units digit of x(s)?
5
Let m be (-2 - 0)*(-4)/8. Let l = 0 + m. What is the units digit of l?
1
Let j be (-1 + 0)*(-1 + 3). Let d = j + 2. Let k = 2 + d. What is the units digit of k?
2
Suppose 0*d + d + 30 = 0. Let v be ((-8)/(-10))/(4/d). What is the units digit of -3*v/9 + 0?
2
Suppose 2*x + x - 2 = -4*c, 3*x - 7 = c. Suppose -44 = -x*o - 6*k + 3*k, 3*k + 152 = 5*o. What is the units digit of o?
8
Let p = 69 + -36. What is the tens digit of p?
3
Suppose -3*v + 3 = -k - 212, 0 = -v + 4*k + 57. What is the tens digit of v?
7
Let c(x) = -x**2 + 7*x - 1. What is the units digit of c(4)?
1
What is the tens digit of -14 - -10 - (1 + -2)*34?
3
Suppose -8*g - 52 = -4*g. Let t = g - -29. What is the units digit of t?
6
Let i = -68 + 103. What is the tens digit of i?
3
Let m(z) = z**3 - 7*z**2 - 6*z - 6. Let j be m(7). Let u be j*9/12*-1. What is the units digit of 11/9 - 8/u?
1
Suppose -34*z + 471 = -31*z. What is the hundreds digit of z?
1
Suppose -3*q = -3*i - 34 + 4, -2*q + 4*i + 20 = 0. What is the tens digit of q?
1
Suppose p - 3 = -0. Suppose p*z - 2*z = 5, 0 = -5*d - z + 85. What is the units digit of d?
6
Let a = 7 - -1. What is the units digit of a/2 - (-2)/(-2)?
3
What is the tens digit of (-365)/(-4 + -1) - (-1 + 0)?
7
Let l = -10 + 14. Suppose l*a - a = -12. What is the units digit of 3 + a + 2 + 6?
7
Let u(s) = -5*s**2 + 2*s - 1. Let c(x) = -14*x**2 + 5*x - 3. Let f(g) = 4*c(g) - 11*u(g). Let k be f(-1). Let n = 7 - k. What is the units digit of n?
7
Suppose -12 = 2*u - 7*u - 3*x, 5*u + x = 14. Suppose -o + u*o = 34. What is the tens digit of o?
1
Let z = 8 + -26. Let d be 5/2*z/(-5). Suppose 3*v - 27 = -0*v - 3*t, 5*t = 4*v + d. What is the units digit of v?
4
Let u = 6 - 0. Suppose -2*s - u = 3*g, 3*s - 10 = s + g. Suppose 0 = -2*v + s*v - 10. What is the units digit of v?
0
Let s = -69 + 96. What is the tens digit of s?
2
Let l(j) = 5*j**2 + 9*j - 1. Let b(z) = 4*z**2 + 8*z - 1. Let p(w) = 6*b(w) - 5*l(w). Let s be p(4). What is the units digit of -1 + 1 + (-3 - s)?
2
Suppose -6*f = -2*f - 88. What is the tens digit of f?
2
Let t(p) = -p**3 + 10*p**2 - 10*p + 4. Suppose 3*u - 20 = 7. Let c be t(u). Let i = 2 - c. What is the units digit of i?
7
Suppose -2*r = -0*r + 2*y - 6, 2*r - 10 = -4*y. Suppose 0*b + 3*b - 1 = d, -d = -4*b + 2. What is the units digit of (b/1)/r*1?
1
Let y(t) = -t + 